{"id":959,"date":"2020-04-15T03:25:17","date_gmt":"2020-04-15T02:25:17","guid":{"rendered":"https:\/\/www.marineudstyr.dk\/guide\/?page_id=959"},"modified":"2020-04-15T04:32:12","modified_gmt":"2020-04-15T03:32:12","slug":"randers","status":"publish","type":"page","link":"https:\/\/www.marineudstyr.dk\/guide\/baadudstyr-jylland\/randers\/","title":{"rendered":"Marineudstyr og sejlershops i Randers"},"content":{"rendered":"\n<p>Hvor Guden\u00e5en l\u00f8ber ud i Randers Fjord finder vi k\u00f8bstaden, som har lagt navn til den lange, smalle fjord: Randers. Som mange andre jyske byer er Randers anlagt et praktisk sted, hvor det i gamle dage var nemt at passere vandl\u00f8bet, som ellers var en m\u00e6gtig barriere for handel og transport. Store skibe kunne g\u00e5 langt ind i Jylland og l\u00e6gge til i Randers Havn, hvorefter varer kunne skibes videre ad Guden\u00e5en s\u00e5 langt v\u00e6k som til Silkeborg i S\u00f8h\u00f8jlandet.<\/p>\n\n\n\n<p>Der findes en r\u00e6kke havne og moler i Randers, hvor industrihavnen naturligvis er den st\u00f8rste. Havnen besk\u00e6ftiger direkte og inddirekte over 2.000 medarbejdere, og har hele 3 kilometers kajl\u00e6ngde, hvilket er imponerende for en dansk indlandhavn. Blandt virksomhederne p\u00e5 Randers Havn finder man bl.a. en lang r\u00e6kke shipping-virksomheder, som h\u00e5ndterer fragt af bl.a. t\u00f8rlast, bulk og industrimaskiner.<\/p>\n\n\n\n<p>Fra krydset mellem Toldbodgade og Kongensgade starter den langstrakte lystb\u00e5dehavn, hvor b\u00e5de Randers Sejlklub, Randers Tr\u00e6b\u00e5dslaug og Motorb\u00e5dsklubben af 1943 har hjemme. Lystb\u00e5dehavnen f\u00f8lger i grove tr\u00e6k den nordlige bred af Randers Fjord over en distance p\u00e5 mere end 800 meter, hvilket g\u00f8r den til en af Danmarks l\u00e6ngste. Lidt l\u00e6ngere ude i fjorden, p\u00e5 samme side, findes Dronningborg B\u00e5delaug med en relativt stor lystb\u00e5dehavn med et st\u00f8rre oplagsomr\u00e5de. L\u00e6ngere ude i fjorden finder man i \u00f8vrigt den hyggelige Uggelhuse Sejlklub, samt Mellerup Lystb\u00e5dehavn, som man kan sejle ud til p\u00e5 en dagstur.<\/p>\n\n\n\n<h2>Randers B\u00e5dudstyr<\/h2>\n\n\n\n<p>Ikke langt fra lystb\u00e5dehavnen, i krydset mellem Toldbodgade og Fjordgade, finder man Randers B\u00e5dudstyr, som er en del af k\u00e6den MarineProshop. Her findes et stort udvalg af g\u00e6ngs b\u00e5dudstyr og marinetilbeh\u00f8r, s\u00e5 man kan f\u00e5 l\u00f8st de mest presserende opgaver, mens man ligger til i Randers. Hos Randers B\u00e5dudstyr forhandler man bl.a. Mercury og Mariner p\u00e5h\u00e6ngsmotorer og udf\u00f8rer motorservice p\u00e5 eget v\u00e6rksted.<\/p>\n\n\n\n<p>Randers B\u00e5dudstyr \u00e5bnede i maj 2009 i mindre lokaler p\u00e5 Bogensevej, men lokalerne blev hurtigt for sm\u00e5, og siden 2013 har adressen v\u00e6ret i en st\u00f8rre hal p\u00e5 Toldbodgade, t\u00e6t ved Lystb\u00e5dehavnen i Randers. I de nye lokaler har man f\u00e5et plads til mange flere varer, samt et antal b\u00e5de og naturligvis v\u00e6rkstedet. Til enhver tid er her over 5.000 varenumre p\u00e5 lager og det er derfor en af de mest velassorterede marine-butikker i \u00d8stjylland.<\/p>\n\n\n\n<p><strong>Adressen er:<\/strong> <br>Randers B\u00e5dudstyr<br>Toldbodgade 25<br>8930 Randers N\u00d8<br>Tel.:+45 21 17 40 82<\/p>\n\n\n\n<h2>Andre marine-butikker i Randers<\/h2>\n\n\n\n<p>P\u00e5 lystb\u00e5dehavnen i Randers finder man ogs\u00e5 Maritim Sport Randers, som forhandler brugte motorb\u00e5de, motorsejlere og sejlb\u00e5de. I centrum findes i \u00f8vrigt en r\u00e6kke fritdsbutikker som forhandler diverse udstyr indenfor fiskeri, bl.a. Randers Jagt &amp; Fiskeri, Jagt- og Fiskerimagasinet, samt Friluftsland. Ogs\u00e5 Harald Nyborg, T Hansen og Biltema har butikker i udkanten af Randers, som forhandler det mest basale b\u00e5dudstyr. Hos Kronjyllands Camping og Marine Center er det muligt at se et udvalg af brugte fritidssejlere.<\/p>\n\n\n\n<h3>S\u00e5dan kan du bestille alt det b\u00e5dudstyr, du har brug for<\/h3>\n\n\n\n<p>Hos Marineudstyr.dk sender vi naturligvis ogs\u00e5 alt i b\u00e5dudstyr til Randers, hvor du kan f\u00e5 udleveret dine pakker i en af 15 forskellige GLS Pakkeshops i byen. Klik p\u00e5 knappen &#8220;G\u00e5 til webshop&#8221; eller <a href=\"https:\/\/www.marineudstyr.dk\/\">tryk her<\/a> for at g\u00e5 til forsiden af webshoppen.<\/p>\n","protected":false},"excerpt":{"rendered":"<p>Hvor Guden\u00e5en l\u00f8ber ud i Randers Fjord finder vi k\u00f8bstaden, som har lagt navn til den lange, smalle fjord: Randers. Som mange andre jyske byer er Randers anlagt et praktisk sted, hvor det i gamle dage var nemt at passere vandl\u00f8bet, som ellers var en m\u00e6gtig barriere for handel og transport. Store skibe kunne g\u00e5 [&hellip;]<\/p>\n","protected":false},"author":4,"featured_media":0,"parent":957,"menu_order":0,"comment_status":"closed","ping_status":"closed","template":"","meta":[],"yoast_head":"<!-- This site is optimized with the Yoast SEO plugin v18.4 - https:\/\/yoast.com\/wordpress\/plugins\/seo\/ -->\n<title>B\u00e5dudstyr i Randers \u00bb Find +55 sejler-shops i Marineudstyr Guide<\/title>\n<meta name=\"description\" content=\"Se hvordan du kan k\u00f8be billigt b\u00e5dudstyr i Randers. Find kontaktoplysninger til den lokale sejler-shop, eller bestil online og f\u00e5 leveret i morgen.\" \/>\n<meta name=\"robots\" content=\"index, follow, max-snippet:-1, max-image-preview:large, max-video-preview:-1\" \/>\n<link rel=\"canonical\" href=\"https:\/\/www.marineudstyr.dk\/guide\/baadudstyr-jylland\/randers\/\" \/>\n<meta property=\"og:locale\" content=\"da_DK\" \/>\n<meta property=\"og:type\" content=\"article\" \/>\n<meta property=\"og:title\" content=\"B\u00e5dudstyr i Randers \u00bb Find +55 sejler-shops i Marineudstyr Guide\" \/>\n<meta property=\"og:description\" content=\"Se hvordan du kan k\u00f8be billigt b\u00e5dudstyr i Randers. Find kontaktoplysninger til den lokale sejler-shop, eller bestil online og f\u00e5 leveret i morgen.\" \/>\n<meta property=\"og:url\" content=\"https:\/\/www.marineudstyr.dk\/guide\/baadudstyr-jylland\/randers\/\" \/>\n<meta property=\"og:site_name\" content=\"Marineudstyr Guide\" \/>\n<meta property=\"article:modified_time\" content=\"2020-04-15T03:32:12+00:00\" \/>\n<meta name=\"twitter:card\" content=\"summary_large_image\" \/>\n<meta name=\"twitter:label1\" content=\"Estimeret l\u00e6setid\" \/>\n\t<meta name=\"twitter:data1\" content=\"3 minutter\" \/>\n<script type=\"application\/ld+json\" class=\"yoast-schema-graph\">{\"@context\":\"https:\/\/schema.org\",\"@graph\":[{\"@type\":\"WebSite\",\"@id\":\"https:\/\/www.marineudstyr.dk\/guide\/#website\",\"url\":\"https:\/\/www.marineudstyr.dk\/guide\/\",\"name\":\"Marineudstyr Guide\",\"description\":\"Guide - Marineudstyr\",\"potentialAction\":[{\"@type\":\"SearchAction\",\"target\":{\"@type\":\"EntryPoint\",\"urlTemplate\":\"https:\/\/www.marineudstyr.dk\/guide\/?s={search_term_string}\"},\"query-input\":\"required name=search_term_string\"}],\"inLanguage\":\"da-DK\"},{\"@type\":\"WebPage\",\"@id\":\"https:\/\/www.marineudstyr.dk\/guide\/baadudstyr-jylland\/randers\/#webpage\",\"url\":\"https:\/\/www.marineudstyr.dk\/guide\/baadudstyr-jylland\/randers\/\",\"name\":\"B\u00e5dudstyr i Randers \u00bb Find +55 sejler-shops i Marineudstyr Guide\",\"isPartOf\":{\"@id\":\"https:\/\/www.marineudstyr.dk\/guide\/#website\"},\"datePublished\":\"2020-04-15T02:25:17+00:00\",\"dateModified\":\"2020-04-15T03:32:12+00:00\",\"description\":\"Se hvordan du kan k\u00f8be billigt b\u00e5dudstyr i Randers. Find kontaktoplysninger til den lokale sejler-shop, eller bestil online og f\u00e5 leveret i morgen.\",\"breadcrumb\":{\"@id\":\"https:\/\/www.marineudstyr.dk\/guide\/baadudstyr-jylland\/randers\/#breadcrumb\"},\"inLanguage\":\"da-DK\",\"potentialAction\":[{\"@type\":\"ReadAction\",\"target\":[\"https:\/\/www.marineudstyr.dk\/guide\/baadudstyr-jylland\/randers\/\"]}]},{\"@type\":\"BreadcrumbList\",\"@id\":\"https:\/\/www.marineudstyr.dk\/guide\/baadudstyr-jylland\/randers\/#breadcrumb\",\"itemListElement\":[{\"@type\":\"ListItem\",\"position\":1,\"name\":\"Hjem\",\"item\":\"https:\/\/www.marineudstyr.dk\/guide\/forside\/\"},{\"@type\":\"ListItem\",\"position\":2,\"name\":\"B\u00e5dudstyr Jylland\",\"item\":\"https:\/\/www.marineudstyr.dk\/guide\/baadudstyr-jylland\/\"},{\"@type\":\"ListItem\",\"position\":3,\"name\":\"Marineudstyr og sejlershops i Randers\"}]}]}<\/script>\n<!-- \/ Yoast SEO plugin. -->","yoast_head_json":{"title":"B\u00e5dudstyr i Randers \u00bb Find +55 sejler-shops i Marineudstyr Guide","description":"Se hvordan du kan k\u00f8be billigt b\u00e5dudstyr i Randers. Find kontaktoplysninger til den lokale sejler-shop, eller bestil online og f\u00e5 leveret i morgen.","robots":{"index":"index","follow":"follow","max-snippet":"max-snippet:-1","max-image-preview":"max-image-preview:large","max-video-preview":"max-video-preview:-1"},"canonical":"https:\/\/www.marineudstyr.dk\/guide\/baadudstyr-jylland\/randers\/","og_locale":"da_DK","og_type":"article","og_title":"B\u00e5dudstyr i Randers \u00bb Find +55 sejler-shops i Marineudstyr Guide","og_description":"Se hvordan du kan k\u00f8be billigt b\u00e5dudstyr i Randers. Find kontaktoplysninger til den lokale sejler-shop, eller bestil online og f\u00e5 leveret i morgen.","og_url":"https:\/\/www.marineudstyr.dk\/guide\/baadudstyr-jylland\/randers\/","og_site_name":"Marineudstyr Guide","article_modified_time":"2020-04-15T03:32:12+00:00","twitter_card":"summary_large_image","twitter_misc":{"Estimeret l\u00e6setid":"3 minutter"},"schema":{"@context":"https:\/\/schema.org","@graph":[{"@type":"WebSite","@id":"https:\/\/www.marineudstyr.dk\/guide\/#website","url":"https:\/\/www.marineudstyr.dk\/guide\/","name":"Marineudstyr Guide","description":"Guide - Marineudstyr","potentialAction":[{"@type":"SearchAction","target":{"@type":"EntryPoint","urlTemplate":"https:\/\/www.marineudstyr.dk\/guide\/?s={search_term_string}"},"query-input":"required name=search_term_string"}],"inLanguage":"da-DK"},{"@type":"WebPage","@id":"https:\/\/www.marineudstyr.dk\/guide\/baadudstyr-jylland\/randers\/#webpage","url":"https:\/\/www.marineudstyr.dk\/guide\/baadudstyr-jylland\/randers\/","name":"B\u00e5dudstyr i Randers \u00bb Find +55 sejler-shops i Marineudstyr Guide","isPartOf":{"@id":"https:\/\/www.marineudstyr.dk\/guide\/#website"},"datePublished":"2020-04-15T02:25:17+00:00","dateModified":"2020-04-15T03:32:12+00:00","description":"Se hvordan du kan k\u00f8be billigt b\u00e5dudstyr i Randers. Find kontaktoplysninger til den lokale sejler-shop, eller bestil online og f\u00e5 leveret i morgen.","breadcrumb":{"@id":"https:\/\/www.marineudstyr.dk\/guide\/baadudstyr-jylland\/randers\/#breadcrumb"},"inLanguage":"da-DK","potentialAction":[{"@type":"ReadAction","target":["https:\/\/www.marineudstyr.dk\/guide\/baadudstyr-jylland\/randers\/"]}]},{"@type":"BreadcrumbList","@id":"https:\/\/www.marineudstyr.dk\/guide\/baadudstyr-jylland\/randers\/#breadcrumb","itemListElement":[{"@type":"ListItem","position":1,"name":"Hjem","item":"https:\/\/www.marineudstyr.dk\/guide\/forside\/"},{"@type":"ListItem","position":2,"name":"B\u00e5dudstyr Jylland","item":"https:\/\/www.marineudstyr.dk\/guide\/baadudstyr-jylland\/"},{"@type":"ListItem","position":3,"name":"Marineudstyr og sejlershops i Randers"}]}]}},"acf":[],"_links":{"self":[{"href":"https:\/\/www.marineudstyr.dk\/guide\/wp-json\/wp\/v2\/pages\/959"}],"collection":[{"href":"https:\/\/www.marineudstyr.dk\/guide\/wp-json\/wp\/v2\/pages"}],"about":[{"href":"https:\/\/www.marineudstyr.dk\/guide\/wp-json\/wp\/v2\/types\/page"}],"author":[{"embeddable":true,"href":"https:\/\/www.marineudstyr.dk\/guide\/wp-json\/wp\/v2\/users\/4"}],"replies":[{"embeddable":true,"href":"https:\/\/www.marineudstyr.dk\/guide\/wp-json\/wp\/v2\/comments?post=959"}],"version-history":[{"count":4,"href":"https:\/\/www.marineudstyr.dk\/guide\/wp-json\/wp\/v2\/pages\/959\/revisions"}],"predecessor-version":[{"id":966,"href":"https:\/\/www.marineudstyr.dk\/guide\/wp-json\/wp\/v2\/pages\/959\/revisions\/966"}],"up":[{"embeddable":true,"href":"https:\/\/www.marineudstyr.dk\/guide\/wp-json\/wp\/v2\/pages\/957"}],"wp:attachment":[{"href":"https:\/\/www.marineudstyr.dk\/guide\/wp-json\/wp\/v2\/media?parent=959"}],"curies":[{"name":"wp","href":"https:\/\/api.w.org\/{rel}","templated":true}]}}